{"id":2024,"date":"2026-04-23T16:57:58","date_gmt":"2026-04-23T13:57:58","guid":{"rendered":"https:\/\/watersea.com.tr\/?post_type=product&#038;p=2024"},"modified":"2026-04-23T16:57:58","modified_gmt":"2026-04-23T13:57:58","slug":"watersea-duvara-asma-paslanmaz-sebil-acik-alan-sebil","status":"publish","type":"product","link":"https:\/\/watersea.com.tr\/index.php\/urun\/watersea-duvara-asma-paslanmaz-sebil-acik-alan-sebil\/","title":{"rendered":"WATERSEA DUVARA ASMA PASLANMAZ SEB\u0130L A\u00c7IK ALAN SEB\u0130L"},"content":{"rendered":"<p>TAMAMEN 316 PASLANMAZ \u00c7EL\u0130K<\/p>\n<p>G\u00d6RSEL UYARI S\u0130STEM\u0130<\/p>\n<p>SENS\u00d6RL\u00dc MODEL<\/p>\n<p>C\u0130HAZA HER T\u00dcRL\u00dc SU ARITMA S\u0130STEM\u0130 BAGLANAB\u0130L\u0130R<\/p>\n<p>SOGUTMA S\u0130STEM\u0130 (\u0130STEGE BAGLI)<\/p>\n","protected":false},"excerpt":{"rendered":"<p>TAMAMEN 316 PASLANMAZ \u00c7EL\u0130K G\u00d6RSEL UYARI S\u0130STEM\u0130 SENS\u00d6RL\u00dc MODEL C\u0130HAZA HER T\u00dcRL\u00dc SU ARITMA S\u0130STEM\u0130 BAGLANAB\u0130L\u0130R SOGUTMA S\u0130STEM\u0130 (\u0130STEGE BAGLI)<\/p>\n","protected":false},"featured_media":2025,"comment_status":"open","ping_status":"closed","template":"","meta":{"_joinchat":[]},"product_brand":[109],"product_cat":[17,19,29],"product_tag":[191,196,194,195,193,197],"class_list":{"0":"post-2024","1":"product","2":"type-product","3":"status-publish","4":"has-post-thumbnail","6":"product_brand-watersea","7":"product_cat-genel","8":"product_cat-aritmali-sebil","9":"product_cat-aritmali-sebil-2","10":"product_tag-acik-alan-sebil","11":"product_tag-duvara-asmali-paslanmaz-sebil","12":"product_tag-ofis-tipi-su-sebili","13":"product_tag-paslanmaz-duvara-asma-sebil","14":"product_tag-paslanmaz-su-sebili","15":"product_tag-su-sebili-paslanmaz-duvara-asma","17":"first","18":"instock","19":"taxable","20":"shipping-taxable","21":"product-type-simple","22":"add-to-wishlist-after_add_to_cart"},"aioseo_notices":[],"_links":{"self":[{"href":"https:\/\/watersea.com.tr\/index.php\/wp-json\/wp\/v2\/product\/2024","targetHints":{"allow":["GET"]}}],"collection":[{"href":"https:\/\/watersea.com.tr\/index.php\/wp-json\/wp\/v2\/product"}],"about":[{"href":"https:\/\/watersea.com.tr\/index.php\/wp-json\/wp\/v2\/types\/product"}],"replies":[{"embeddable":true,"href":"https:\/\/watersea.com.tr\/index.php\/wp-json\/wp\/v2\/comments?post=2024"}],"wp:featuredmedia":[{"embeddable":true,"href":"https:\/\/watersea.com.tr\/index.php\/wp-json\/wp\/v2\/media\/2025"}],"wp:attachment":[{"href":"https:\/\/watersea.com.tr\/index.php\/wp-json\/wp\/v2\/media?parent=2024"}],"wp:term":[{"taxonomy":"product_brand","embeddable":true,"href":"https:\/\/watersea.com.tr\/index.php\/wp-json\/wp\/v2\/product_brand?post=2024"},{"taxonomy":"product_cat","embeddable":true,"href":"https:\/\/watersea.com.tr\/index.php\/wp-json\/wp\/v2\/product_cat?post=2024"},{"taxonomy":"product_tag","embeddable":true,"href":"https:\/\/watersea.com.tr\/index.php\/wp-json\/wp\/v2\/product_tag?post=2024"}],"curies":[{"name":"wp","href":"https:\/\/api.w.org\/{rel}","templated":true}]}}